32)) is divided by 21?
16
Suppose 10*z = -4*z - 7896. What is the remainder when -3*(-9)/(-6)*z/54 is divided by 16?
15
Suppose -134*h + 80 = -129*h. What is the remainder when 79 is divided by h?
15
Suppose -7*o - 61 = -3*n - 2*o, -o + 19 = 2*n. What is the remainder when n is divided by 4?
0
Let s be -1 + 3 + 4 - 3. Calculate the remainder when 6 is divided by (-3)/(s/5)*-1.
1
Let s = 44 + -34. What is the remainder when 23 is divided by s?
3
Suppose -5*n + 3*y - 80 = 0, -3*n = -0*y + 3*y + 48. Let p be -1*(-19)/1*1. Let m = n + p. Calculate the remainder when m is divided by 2.
1
Suppose 0 = k + r - 2*r - 27, -4*k + r = -117. What is the remainder when 178 is divided by k?
28
What is the remainder when (2/4)/((44/(-1176))/(-11)) is divided by 30?
27
Suppose 0 = -7*r + 2*r + 85. Let x be 10/(-6) + (-4)/(-6). Let q = x + 6. Calculate the remainder when r is divided by q.
2
Suppose 2*p + 224 = 2*z - 244, 0 = -3*z + 5*p + 710. Calculate the remainder when z is divided by 11.
10
Let s = -15 + 34. Suppose 2*r + 614 = -3*d + r, -5*d - 5*r - 1020 = 0. What is the remainder when s is divided by d/(-20) + 1/(-4)?
9
Suppose 0 = k + 1 - 6. Let r = -1 + k. What is the remainder when 19 is divided by r/(-6) - 105/(-9)?
8
Let y(k) = k + 21. Let u be y(-17). Suppose 3*o = 2*h + 38, -3*o - 6*h = -u*h - 46. Calculate the remainder when 20 is divided by o.
6
Let o(g) = -317*g - 21. Calculate the remainder when o(-2) is divided by 11.
8
Let p(z) = z**3 - 14*z**2 - 84*z + 9. What is the remainder when p(19) is divided by 44?
42
Calculate the remainder when (-270)/(6 + -12) + 6 is divided by 21.
9
Let t be 2/(-4) - (3432/(-16))/13. Let k be (7 + 2)*(-2)/(-2). Suppose y - k = t. What is the remainder when y is divided by 14?
11
Let z = 6572 - 3466. What is the remainder when z is divided by 84?
82
Suppose 4*w + 4 = p + 2, 4*w - 8 = -4*p. Let g be -3 - (0 + -3 - p). Suppose -121 + 31 = -g*h. Calculate the remainder when h is divided by 23.
22
Let u(a) = -2*a + 205. What is the remainder when u(40) is divided by 18?
17
What is the remainder when 152 is divided by -35 + 43 + 3/((-9)/(-132))?
48
Suppose 3*l = 5*y + 25, y + 5*l = 2*l + 13. Let d(x) = -200 + 98 - 14*x + 101. Calculate the remainder when 78 is divided by d(y).
24
Let n = 52 - 27. Suppose 0 = 2*w + 2, -3*w - 16 - 17 = 5*l. Let j = 3 - l. What is the remainder when n is divided by j?
7
Suppose -5*h + 3*b = 1036, 614 = -h - 2*h - 2*b. Let r = -131 - h. Calculate the remainder when 21 is divided by (-7)/21 - r/(-9).
5
Let j(x) = -3*x - 17. Let b(o) = -o + 8. Let n be b(-5). Suppose 2*t - w = -n + 2, 4*t = 5*w - 19. What is the remainder when 3 is divided by j(t)?
0
Suppose 2*g - 51 = 5*o, -4*o + 75 = 5*g + o. What is the remainder when 697 is divided by g?
13
Let l = 33 - 13. Calculate the remainder when (-6 - -15)*l/6 is divided by 11.
8
Calculate the remainder when 10314/(-81)*6/(-4) - 2 is divided by 28.
21
Let q be (-115)/20 + (-2)/((-32)/(-4)). Calculate the remainder when 47 is divided by (-2 - -4)/((-1)/q).
11
Let y(d) = -d**3 + 12*d**2 + 5. Let j = -8 - -20. Let g(i) = i**2 - i + 1. Calculate the remainder when g(-3) is divided by y(j).
3
What is the remainder when 222 is divided by (-71)/((4 - 9)/5)?
9
Let a = -256 - -276. What is the remainder when a is divided by 2/(-7) + 65/7?
2
Suppose 66*t - 70*t + 152 = 0. Calculate the remainder when t is divided by 5.
3
Let w(h) = 4*h**3 - 6*h**2 + 7*h - 8. What is the remainder when w(3) is divided by 17?
16
Let m(p) = 12*p**3 - 2*p**2 + 3*p + 1. What is the remainder when 14 is divided by m(1)?
0
Let h(g) = g**2 - 20*g - 19. Calculate the remainder when 49 is divided by h(21).
1
Calculate the remainder when 62 is divided by ((-2)/(-4))/((-9)/5616*-13).
14
Suppose 3*k - 630 = -3*k. Let v = -93 + k. Calculate the remainder when 25 is divided by v.
1
Suppose -3*z + s - 189 = 53, 2*z + 158 = -s. Calculate the remainder when (5/4 - -4)*z/(-6) is divided by 19.
13
Suppose 11*s = 16*s - 465. Suppose 43 = 2*k + 5*b, 5*b - 4*b = 2*k - 37. What is the remainder when s is divided by k?
17
Let d = 738 - 589. Calculate the remainder when d is divided by 72.
5
Suppose -4*m + 53 = 5*b + 17, 2*b = 2*m. Suppose f + 3*s + 4 = 0, -f = -2*s + 3*s - 2. What is the remainder when f is divided by m?
1
Let z = 358 - 340. What is the remainder when z is divided by 5?
3
Suppose 5*t - 6 = 59. What is the remainder when 47 is divided by t?
8
Let j(c) = 6*c - 1. What is the remainder when j(3) is divided by (-1)/(-4) + 156/16?
7
Suppose 2*s + 215 = 5*s - 4*n, n + 135 = 2*s. What is the remainder when 454 is divided by s?
64
Let n = -13 + 38. Suppose 15 = 4*s + s. Suppose 166 = s*j + n. Calculate the remainder when j is divided by 8.
7
Suppose -3*i - 4 = 35. Let h = -8 - i. Suppose 8*m - 32 = 4*m - h*q, 4*q = -4*m + 28. Calculate the remainder when 7 is divided by m.
1
Calculate the remainder when (-1929)/(-45) + -2 + (-46)/(-345) is divided by 4.
1
Let z be (-4)/6 + (-11)/(-3). Suppose -3*g - 27 = -4*g. What is the remainder when g is divided by 4*(z - 1/(-2))?
13
Let m be 28/(-8)*4/2. Let s = m - -12. Suppose 46 = s*x + 4*a, 3*x + 4*a - 32 = -6. Calculate the remainder when x is divided by 4.
2
Let g(f) = -f**2 + 4*f + 281. Calculate the remainder when 71 is divided by g(17).
11
Let z(g) = 2*g + 5. Let y be z(-5). Let d be (-299)/5 - (-1)/y. Calculate the remainder when 8 is divided by 12*(4 - d/(-16)).
2
Let x(o) = -o**3 - 4*o - 48. What is the remainder when 180 is divided by x(-5)?
83
Suppose 3*z + 378 = -4*z. Calculate the remainder when 75 is divided by z/81 + 1/3*41.
10
Let s = 629 - 615. Suppose -195 = -5*l + 5. Calculate the remainder when l is divided by s.
12
Suppose -3*b + 17 + 46 = 0. Let k = -9990 - -10070. Calculate the remainder when k is divided by b.
17
Suppose -1491 = -7*p + 154. Calculate the remainder when p is divided by 34.
31
Suppose -3*o = -3*p - 18, 5*o = -p - p + 65. Let k(z) = -z**3 - 10*z**2 + 9*z + 10. Calculate the remainder when k(-11) is divided by o.
10
Let h(g) = -9*g + 14. Let d be h(4). Let t = 30 + d. Let p = -6 + 11. Calculate the remainder when t is divided by p.
3
Let s be 14 - 4/((-2)/2). Let p = 22 - s. What is the remainder when 13 is divided by p?
1
Suppose 0 = 4*p - 88 - 64. Let v = p - 27. Let x = -26 - -45. Calculate the remainder when x is divided by v.
8
Let d(q) = -2*q + 19. Let h be d(9). Suppose 4*j = 5*t + 59, 3*t + 15 = 5*j - 75. Let y = j - h. What is the remainder when y is divided by 6?
2
Let q be -70*((-21)/6 - -4). Let v = q + 64. Calculate the remainder when v is divided by 10.
9
Let v(g) = 2*g**2 + 27*g + 80. Let a(s) = s**2 + 14*s + 40. Let l(u) = 7*a(u) - 3*v(u). What is the remainder when 71 is divided by l(-16)?
23
Let n(d) = -d**3 - 3*d**2 - 4*d - 2. Let v = -31 - -29. What is the remainder when 2 is divided by n(v)?
0
Suppose 2*r = 10 + 64. Let u(y) = 11*y - 1. Calculate the remainder when r is divided by u(1).
7
Suppose 0 = 11*f + 66 - 242. Calculate the remainder when 26 is divided by f.
10
Let t = 10 + -6. Let b(l) = 2*l**3 - 7*l**2 + 2*l + 3. Calculate the remainder when 107 is divided by b(t).
26
Suppose -4*g + 2 = 2*w, 3*g + w + 26 = 5*w. Let s(f) = -f**3 - 17*f**2 + 14*f - 62. What is the remainder when s(-18) is divided by (-2 - 0) + (3 - g)?
1
Suppose -97 = -3*d - 4*j + 2*j, 0 = -2*d + 3*j + 69. What is the remainder when d is divided by 16 + 1 - 35/7?
9
Let k be (1 + -2)/((-3)/15). Suppose 65 = 3*d + w + w, -5*w = -k*d + 150. Let c = d - -33. What is the remainder when c is divided by 20?
18
Let f be 15/6 + -3 + (-1026)/12. Let g = 103 + f. What is the remainder when 29 is divided by g?
12
Let d = 1739 - 1694. Calculate the remainder when 306 is divided by d.
36
Let c(j) = 3*j**2 + 3 + j - 6*j**2 - 6*j**2 - j**3 + 15*j**2. Suppose -m + 3*m - 10 = 0. Calculate the remainder when c(m) is divided by 12.
9
Let h = -48 - -47. Calculate the remainder when -4 + (40 - h) + -1 is divided by 10.
6
Suppose 4 + 11 = -o. Let a = o + 55. Suppose 0 = -4*i + a + 28. What is the remainder when 49 is divided by i?
15
Suppose -24 = -2*f + f. Calculate the remainder when 55 is divided by f.
7
Suppose -19 = 7*i - 166. Calculate the remainder when 115 is divided by i.
10
Let a(g) = 30*g. Let q(s) = -s + 7. Let d be q(3). Le